 = -2*c, 4*c + 97 = b - k. What is the units digit of b?
7
Let c(y) = y**2 + 5*y - 1. Let g be c(-6). Suppose 0 = 5*x + j - 342, -g*x + 5*j = -0*j - 360. What is the units digit of x?
9
Let v(a) = 3*a**2 + 13*a**3 - 7 + 4*a**2 - 7*a - a**2 - 14*a**3. Let f be v(6). Let r = f + 100. What is the units digit of r?
1
Let i(c) = 34*c + 56. What is the tens digit of i(20)?
3
Let z(w) = 3 - 5 - 1 + 1 - 14*w. Let g be z(-2). What is the tens digit of g + 8/4 + -4?
2
Suppose -1891 = -4*n + 5*w, -n + 375 + 103 = 4*w. What is the units digit of n?
4
Let l(u) = -21*u - 29. Let k be l(-7). Suppose -5*f + 4*g = -k, -g = -5*f + 2*g + 121. What is the tens digit of f?
2
Let r = 263 + -233. Let m be (-9778)/(-6) + (-4)/(-12). What is the units digit of m/r + (-10)/(-6)?
6
Let s be 0/5*(0 + -1). Suppose r = 3 - s. What is the units digit of r?
3
Let o = 110 - -49. What is the units digit of o?
9
Suppose 21*t - 52651 = -17602. What is the thousands digit of t?
1
Let z = -38 + 86. Suppose -7*m = -10*m + z. What is the tens digit of m?
1
Let g(h) = -13*h. Let f be g(-2). Suppose -3*n - 4*w - 36 = 0, -5*n - 2*w + f = 86. What is the tens digit of 57*4*(-1)/n?
1
Let d(l) = -5*l - 5 - 4*l + 5*l. Let t be d(3). Let f = 39 + t. What is the units digit of f?
2
Let k be 33/7 + (-5 - 222/(-42)). Suppose w = -5*d + 39, k*w + 0*d - 3*d - 307 = 0. What is the tens digit of w?
5
Let s = -1473 + 2267. What is the units digit of s?
4
Suppose 480 = 5*z - 0*z. Suppose 3*i - z = -2*i - 3*p, -5*i + 3*p = -114. What is the units digit of i?
1
Let q(g) = 3*g**2 - 3*g - 170. Let l(n) = -n**2 + n + 85. Let t(f) = 5*l(f) + 2*q(f). What is the tens digit of t(0)?
8
Let x = 1753 + -796. What is the hundreds digit of x?
9
Let k = 110 + -107. Suppose -4*q + 537 = u, -u = 3*q + k*u - 393. What is the tens digit of q?
3
Suppose l - 70 = -0*l. Let j = 118 - l. What is the tens digit of j?
4
Suppose -7*v + 165 = -2*v. Suppose -107 = -4*x + v. Suppose 0 = 3*g - m - x, -2*g = -5*m + 7 - 26. What is the tens digit of g?
1
What is the hundreds digit of (1574/6)/((-20)/(-60))?
7
Let u = 147 + -91. What is the tens digit of u?
5
What is the tens digit of (-2)/10 + 1232/35?
3
Suppose 5*r - 8 = -k, -r - 2*r = 3*k. Let v = k + -4. Let l(n) = -5*n - 5. What is the units digit of l(v)?
5
Let q = -11 + 14. Suppose 2*i + 16 = v + q*v, 0 = -v - 3*i + 4. Suppose -5*s + 56 = -v*s. What is the tens digit of s?
5
Let n(f) = -132*f - 36. Let z(o) = -2*o. Let g(k) = n(k) - 72*z(k). What is the units digit of g(6)?
6
Let j(h) be the third derivative of h**5/12 + 21*h**2. Let m(n) = -2*n. Let x be m(-1). What is the units digit of j(x)?
0
Suppose -2*w - r + 3 = 0, 3*w - 9*r + 5*r = 32. Suppose -o + 3*o = 2*n + 298, 3*o - w*n = 451. What is the hundreds digit of o?
1
Let r = -154 - -163. Suppose -r*m + 2275 = -2*m. What is the tens digit of m?
2
Let a(o) = -3*o**3 - 3*o**2 - o. Suppose 0 = b + b + 6. What is the units digit of a(b)?
7
Suppose 0*u = 5*u - p - 2833, 0 = u - 4*p - 559. What is the hundreds digit of u?
5
Suppose 0 = -12*v + 539 + 589. Suppose 3*o - 6*k = -3*k + 96, -3*o + k + v = 0. What is the tens digit of o?
3
Let c(l) = 90*l**3 - 2*l**2 - l - 2. Let z be c(-2). Let s = z + 457. What is the tens digit of s/(-6) + (-5)/30?
4
Suppose 8*q = 1388 + 604. What is the units digit of q/13*1 - (-8)/(-52)?
9
Let x(y) = 5*y**2 + y + 6. Let h be x(5). Let k = 198 - h. Suppose k - 8 = 3*n. What is the tens digit of n?
1
Suppose 2*a = 5*g - 19, 3*g - 5*a + 20 = 4*g. Suppose -g*b + 40 = 5. What is the units digit of b?
7
Let s(i) = 9*i**2 - 3*i + 2. Let p be s(2). Suppose 2*d = 4*y - p, -5*y + 4*d + 26 = 5*d. What is the units digit of y?
6
Suppose j - 3 = -0. Suppose -d + 2*p + 10 = -1, j*d = 5*p + 31. What is the units digit of 2*d - 8/(-8)?
5
Let u(r) = 3*r**2 - 21*r - 103. What is the thousands digit of u(23)?
1
Let z(o) be the second derivative of o**5/24 - o**4/3 - 7*o**3/6 - 10*o. Let j(h) be the second derivative of z(h). What is the tens digit of j(15)?
6
Let l(o) = -o**3 + 3*o**2 - o - 1. Let c be l(1). Let x = 8 + c. What is the tens digit of -4*(0 + (-58)/x)?
2
Let m = -53 + 57. Suppose -164 = -0*y - m*y. What is the tens digit of y?
4
Let g be 11 - 11 - (-6)/2. Suppose -3*n + 234 = g*k, -k - 158 = -3*k - 4*n. What is the tens digit of k?
7
Suppose 2*z = 6, -t - 4*z - 3228 = -6*t. What is the units digit of t?
8
Let a = -38 - -30. Let r(q) = q**3 + 8*q**2 - 2*q + 2. Let o be r(a). Let t = o - 0. What is the units digit of t?
8
Suppose 5*q - 4*g - 2 = -3*g, 0 = 2*q - 3*g + 7. Let v be -4 + 5 - q*-2. Suppose 35 = v*l - 31. What is the units digit of l?
2
Let c(f) be the third derivative of -2*f**4/3 - 7*f**3/6 + 4*f**2. What is the units digit of c(-4)?
7
Suppose 28704 = 12*d - 19740. What is the hundreds digit of d?
0
Let k(v) be the second derivative of 5*v**2 + 0 - 1/12*v**4 + 3/2*v**3 + 4*v. What is the tens digit of k(9)?
1
Suppose 5*n - 28*m - 8392 = -26*m, 0 = 2*n + m - 3355. What is the units digit of n?
8
Let x(o) = 75*o - 5. Suppose 10 + 3 = 4*a + l, 4*l = -a + 22. What is the hundreds digit of x(a)?
1
What is the units digit of (-2)/8 + 2871/348?
8
Suppose -81 = -2*l + 1369. What is the units digit of l?
5
Let t(g) = -2*g**2 + 4*g. Let f be t(6). Suppose -4*u - 55 = 41. Let i = u - f. What is the units digit of i?
4
Suppose -3*f - b + 1796 = 0, -4*b + 7*b = 15. What is the tens digit of f?
9
Suppose -728 = -3*j - z + 3*z, -5*j + 1215 = -5*z. What is the units digit of j?
2
Let k(w) = w**2 - 2*w - 8. What is the tens digit of k(-8)?
7
Let z(j) = 103*j. Let q be z(0). Let h(n) be the first derivative of n**3/3 + n**2/2 + 39*n + 1. What is the tens digit of h(q)?
3
Suppose 9*m = 9300 + 1428. What is the tens digit of m?
9
Let r be 24/30 - (-4)/(-5). Suppose -y + 5*y - 20 = r. Let u(m) = m**2 + 12*m - 2. What is the tens digit of u(y)?
8
Let j(f) = -7*f - 40. Let w(g) = 1. Let z(h) = -j(h) - 6*w(h). What is the tens digit of z(12)?
1
Let x = 95 + 12. Suppose 0 = 3*y - 3, -6*i + y = -2*i - x. What is the tens digit of i?
2
Suppose -3*o + 6 = 0, 3*d - 4*o = 10404 - 1886. What is the hundreds digit of d?
8
Suppose 17*r - 19*r + 650 = 0. Suppose 2*t - 7*t = -r. What is the units digit of t?
5
Suppose 5*i + 132 = 7*i. Suppose 2*w + c = i, 5*c - 4 = 3*c. Suppose 2*x = 3*x - w. What is the units digit of x?
2
Suppose c = -4*m - 0*m + 13, -2*m - 56 = -2*c. Suppose -11 + 23 = 6*n. Suppose z = -z - n*x + 56, c = z - 2*x. What is the units digit of z?
7
Let u be 0 - (0 + (1 - 4)). Suppose -3*i - s + 599 = 0, -i - u + 208 = -s. What is the units digit of i?
1
Let z(t) = -3*t**2 - 4*t + 1. Let c be z(5). Let m = c - -53. Let a = m - -68. What is the tens digit of a?
2
Let i(b) = 31*b**2 + 19*b - 12. What is the units digit of i(5)?
8
Suppose -4*w - 4*p = 136, 104 = -5*w + 2*p - 38. Let d = 52 + w. What is the units digit of d?
2
Suppose -5*y - 20 = 5*n, 3*n + 2*n = 3*y - 12. Let a(u) = 11*u + 3. Let l be a(n). Let h = l + 34. What is the units digit of h?
4
Let i = -48 - -120. Suppose i = 3*t - 45. What is the tens digit of t?
3
Let i(t) = -t**3 - t**2 + 8*t + 4. Let k be i(-3). What is the tens digit of (k - 82/4)*(-9 + -1)?
2
Suppose -122*o = -129*o + 11508. What is the hundreds digit of o?
6
Suppose 6*r = -i + 15364, 7*i - 4*i = -r + 2572. What is the thousands digit of r?
2
Let f be (-2)/1 + (-5)/(15/(-6)). Suppose 35 + 30 = o + 3*j, 4*o - j - 312 = f. What is the tens digit of o?
7
Let x = -51 - -53. Suppose -202 = -3*i + x*i. What is the hundreds digit of i?
2
Let u = 636 + -419. Let w = u - 89. What is the hundreds digit of w?
1
Suppose -10*b + 5*k = -34905, 9*b - 17463 = 4*b - k. What is the tens digit of b?
9
Let p(n) = -6*n**2 - 188*n - 55. Let y be p(-31). Let z be (0 - (-1 - -2)) + -52. Let c = y - z. What is the units digit of c?
0
Let l be 8/(1 + -5)*-57*2. Suppose 4*o - 324 = o - 3*v, -2*o + l = -v. What is the units digit of o?
2
Suppose 4*l - h = 5 + 4, 3*h - 15 = -2*l. What is the units digit of (-14960)/(-100) - (18/10)/l?
9
What is the tens digit of (-31809)/(-13) - 68/(-442)?
4
Let f(s) = 53*s**3 + 17*s**2 + 4*s - 1. What is the thousands digit of f(4)?
3
Let w(z) = -5*z + 11. Let n be w(3). Let o(j) = 0*j**2 + 3*j**2 + 9*j + 5 - 2*j. What is the units digit of o(n)?
5
Suppose 2*h = q -